*3/3 - 2*d**2. Give m(-6).
-4
Let i(s) be the third derivative of -s**4/24 + s**3 - 4*s**2. Suppose -3*y - 21 = -4*y. Suppose -k = -r - 6, 0 = k - 6*k - 4*r + y. Calculate i(k).
1
Let g be (-6)/((9/45)/(4/(-15))). Let h(f) = -f**3 + 9*f**2 - 8*f - 11. Calculate h(g).
-11
Let v(z) = z. Let r be 1/(0 - 2/2). Let n = 2 + r. Let o(l) = l**3 - l**2 + 4*l + 2. Let t(k) = n*o(k) - 5*v(k). What is t(0)?
2
Let o(g) = g**2 - 9*g - 11. Let s(n) = n + 8. Let q be s(3). Give o(q).
11
Suppose i - 2*k = k - 4, -27 = -3*i - 4*k. Let c(p) = -4 - i*p**2 - 18*p - p**3 + 9*p + 8*p. Let y(u) = -2*u**2 + u + 1. Let b be y(2). What is c(b)?
1
Let t(z) = z**3 - z - 1. Suppose m = 2*m - 2. Let d = m + 2. Suppose 16 = 4*w + d*u, 5*w = -u - 0*u + 12. Calculate t(w).
5
Let x = -3 - -6. Let m(y) = -5*y - 4*y**2 - y**3 + x*y + 3 + 2*y**3. Let z = 7 - 5. Determine m(z).
-9
Let z(u) be the second derivative of -u**5/20 + u**4/3 - u**3/6 - 2*u**2 + u. Suppose -n - 18 = -4*y, 2*n = -y - 0*y. Determine z(y).
-8
Let y = -2 + -3. Let j = 4 + -2. Let d(h) = -3 - 2*h + j - 6. Give d(y).
3
Suppose 0 = -5*b + 88 + 12. Let q = b - 16. Let c(v) = -v**2 + 4*v. Give c(q).
0
Let m(i) be the first derivative of -i - 1. Let a(o) = 2*o + 4. Let w(s) = a(s) + 8*m(s). Calculate w(3).
2
Let w(v) = -v**2 - 4*v + 2. Let o be w(-4). Suppose 5*d = 3*f - 7 + 19, 0 = o*f + d + 8. Let x = f + 6. Let g(h) = -2*h**2 + 2*h - 2. Determine g(x).
-6
Let w(q) be the first derivative of 9*q**4/4 - q**3/3 + q**2 - q + 17. Give w(1).
9
Let i = -27 - -29. Let l(u) = -u**3 + u**2 + 1. Give l(i).
-3
Suppose -2*x = 2*w - 4, x = 6*x. Let s = 0 + 1. Let g(m) = s + 4*m + 0*m + 0. Give g(w).
9
Suppose 3*n = -4*k + 18, 5*n - n - 11 = -k. Let w(v) = -5 - v**n + 5. Give w(0).
0
Let s(p) be the second derivative of -p**5/20 + p**4/3 + p**3 - 15*p - 1. What is s(5)?
5
Let g be (-6)/2 + 0/1. Let p(x) be the second derivative of x**4/12 + x**3/3 + 3*x**2/2 - 4*x - 6. Determine p(g).
6
Suppose -4*v + 10 = 2. Let i(q) = -q**3 - 4*q**2 + 2. Let k be i(-4). Let n(s) = -s**k + 0 + s - 1 + 4*s. Give n(v).
5
Let b(q) be the first derivative of q**6/360 + q**5/24 + 5*q**4/24 - q**3 - 2. Let p(a) be the third derivative of b(a). What is p(-4)?
1
Let h(l) = l**3 - 3*l**2 + l + 1. Let o(q) = q**2 - q - 1. Let y = 0 - -3. Let m be o(y). Suppose 2 - 12 = -m*k. Determine h(k).
-1
Let t(y) = -6*y. Let r be (-3 - 3/6*-7)*-2. Give t(r).
6
Let s(t) = t**2 + 2*t - 4. Suppose -2*g = 7*a - 5*a + 8, 4*a + 7 = 5*g. Determine s(a).
-1
Let z(a) = -a**2 + 4*a - 4. Suppose 0 = 4*r - 2*f + 8, -r - 5*f - 25 + 1 = 0. Let d(c) = -c**3 - 5*c**2 - 5*c. Let h be d(r). Give z(h).
-4
Let u(w) be the third derivative of w**6/120 - w**5/60 - w**4/12 - 14*w**2. Determine u(2).
0
Let p(b) be the first derivative of -4/3*b**3 - 2*b**2 + 9 + 0*b - 1/4*b**4. Calculate p(-3).
3
Suppose 2*n - 5 = -3*n. Suppose -3*c = -5*c + 8. Let f(k) = k - 4*k + c*k**2 - 2*k - n + k**3. Determine f(-5).
-1
Let r(m) be the third derivative of -m**4/12 + 2*m**3/3 + 31*m**2. Give r(-3).
10
Let s(m) be the first derivative of m**5/120 + 7*m**4/24 + m**3 - 5. Let i(z) be the third derivative of s(z). Give i(-6).
1
Suppose -3 + 18 = -3*w. Let n(m) = -1 - m + 2*m + 2 + 5*m**2 + m**3. Calculate n(w).
-4
Let v(o) = o - 4. Let n be v(7). Let i(w) = w**3 - 6*w**2 + w - 6. Let x be i(6). Suppose n*m - 2*m = x. Let s(k) = k + 4. Determine s(m).
4
Let x(d) = -d + 1. Suppose -7 = 2*s - 5*y, 2*s + 0*s + 11 = y. Let z be (s/2)/(6/8). What is x(z)?
5
Suppose 0 = -2*s - 3*s - 165. Let k be (-6)/21 + s/7. Let q(t) be the second derivative of -t**4/12 - 5*t**3/6 + t**2 + 15*t. Calculate q(k).
2
Let m(f) = 6. Let u(k) = k + 11. Let r(v) = 7*m(v) - 4*u(v). Calculate r(3).
-14
Let q = 7 + 6. Suppose x + 3 = q. Let k(u) = -2 + 2 - 2*u**2 + 1 + x*u**2. Determine k(-1).
9
Let s(l) = -5*l**3 - 31*l**2 - 20*l + 36. Let q(n) = -n**3 - 6*n**2 - 4*n + 7. Let z(a) = 11*q(a) - 2*s(a). Determine z(-4).
21
Let v(r) be the first derivative of -r**4/4 + 4*r**3/3 - 3*r**2/2 + 2*r + 13. Calculate v(2).
4
Let u = -3 + 8. Suppose 3 + 2 = u*y. Let g(i) = -4*i - 1. What is g(y)?
-5
Let i(a) = 5*a**2 + 1. Let k be i(1). Let h be k*1 - (-6 - -9). Let m(r) = r**2 - 4*r - 2. Give m(h).
-5
Let d(b) = b**3 + 6*b**2 - b - 3. Let a be d(-6). Let m be ((-3)/a)/(1 - 2). Let o(c) = -c**3 + c. Determine o(m).
0
Let k = -77 + 82. Let r(n) = n**2 - 6*n - 7. Calculate r(k).
-12
Suppose -39 = -2*a - a. Let h = a + -9. Suppose -g - h*g = 25. Let c(z) = 2*z. Calculate c(g).
-10
Let m(f) = -2 + f**2 + 0*f - 7*f + 8. Give m(5).
-4
Let f(r) be the second derivative of -r**5/10 + 5*r**4/12 - r**3/3 + r**2/2 - 6*r. What is f(3)?
-14
Suppose 5*u = 10, -3*q + 5*u = -4*q + 15. Let j(y) = -4*y**2 + 7. Let x(l) = 2*l**2 - 4. Let v(b) = q*x(b) + 3*j(b). What is v(1)?
-1
Let p = 12 - 15. Let r(q) be the first derivative of q**4/4 + 2*q**3/3 - 3*q**2/2 - q - 5. Give r(p).
-1
Let w(c) be the third derivative of -c**8/6720 + c**7/630 + c**6/360 - c**5/20 - c**4/12 + c**2. Let h(j) be the second derivative of w(j). Determine h(4).
2
Let j be 20/8 + (-1)/(-2). Let f(t) = -t + 11. Let p be f(5). Let n = j - p. Let m(g) = g + 1. Give m(n).
-2
Let l(o) = 1 - 3 + 5 - 5*o. Let p(q) = q**2 + 6*q + 10. Let d be p(-4). Determine l(d).
-7
Let s(m) = -m**2 - 6*m - 4. Let o(j) = j - 1. Let f be o(5). Suppose 4*q - 5*r = -21 - 15, -3*q - 4*r + f = 0. Calculate s(q).
4
Suppose -3*g + 4*p - 6 = 0, 3*p - 4 = 4*g - p. Let z(u) = -4 + 4 - 3 + 5 - 3*u. Give z(g).
-4
Let a(i) be the second derivative of -i**5/20 - i**4/2 - i**3/3 - i**2 + 2*i. Suppose 2*j - 2 = 2*p, -2*p - 2*j - 4 = -3*p. Calculate a(p).
10
Let i(j) = -8*j - 4*j**2 - j + 10*j + j**2. Determine i(1).
-2
Let q(i) = -i + 3. Let n(k) = k. Suppose -10 - 10 = -2*u. Suppose -2*z - 16 = 5*y - 0, -4*y - u = 3*z. Let d(l) = z*n(l) + q(l). What is d(3)?
6
Let q(l) = -l + 4. Let n = -7 - -14. Calculate q(n).
-3
Let u(m) = -3*m + 6. Let j be u(4). Let b(p) = 1 - 6*p - 2 - p**2 - 5. What is b(j)?
-6
Let c(z) = z + 9. Suppose 27 = -v + 22. Determine c(v).
4
Let s(c) = -c**3 - 7*c**2 - 10. Suppose 4*x + 4*y - 5*y = -25, 2*x + 4*y + 26 = 0. What is s(x)?
-10
Let j(g) = g**3 + 6*g**2 - 7*g + 2. Let h be j(-7). Let s be (-1)/(((-15)/(-6))/(-5)). Let x(p) = -3 + 4*p + 0*p**2 + s*p**2 - 5*p**2 + p**3. Determine x(h).
1
Let y(x) = 2*x**2 - 3*x - 5. Let j(c) = -c**2 - 1. Let r(q) = j(q) + y(q). Calculate r(6).
12
Let t(q) = -q - 1. Let a(g) = -1. Let z(y) = 3*a(y) - 2*t(y). Let l be (-15)/(-70)*12/9*-7. Calculate z(l).
-5
Let d(b) = 3*b + 3. Let y(t) = -2*t - 9. Let x be y(-6). Let z = 0 + 2. Suppose 2*j = x*j + z. Give d(j).
-3
Let z be (-4*1)/(2/(-8)). Suppose -4*d - n = -0*d - 21, 3*d + n = z. Let j(r) = r**2 - 104*r + 2 + 100*r + 0*r**2. What is j(d)?
7
Let b(j) be the third derivative of 0 + 1/12*j**4 + 0*j + 2*j**2 - 5/6*j**3. Give b(5).
5
Let l(a) be the second derivative of a**7/840 + a**6/120 - a**5/60 - a**4/8 + a**3/2 + 2*a. Let q(s) be the second derivative of l(s). Calculate q(-2).
5
Let x(o) be the second derivative of -o**3/6 - 13*o**2/2 - 7*o. Let f(c) = -c - 6. Let m(n) = 7*f(n) - 3*x(n). Determine m(-3).
9
Let f(d) be the third derivative of -1/60*d**5 - 2*d**2 + 0*d + 1/3*d**3 + 1/24*d**4 + 0. Give f(2).
0
Let b = -5 - -3. Let m(w) = -w**2 - 2*w - 3. Let q be m(b). Let a(p) = 4 - 3 + 9*p - 10*p. What is a(q)?
4
Let r(h) = -h**2 + 2*h - 3. Suppose 0 = -l - p - 1, 30 - 2 = 4*l - 4*p. What is r(l)?
-6
Let c(n) = n - 3 + 2*n - 14*n**2 + 10*n**2 + n**3. Determine c(4).
9
Let k(v) = -v**3 + 6*v**2 - 4*v - 5. Let d be 4/22 - (1 - (-192)/(-33)). Calculate k(d).
0
Let q(b) be the first derivative of -b**4/4 + 2*b**3 + b**2/2 + 7*b + 34. Determine q(6).
13
Let d be -3 - (-5)/(10/18). Let b(t) = -t + 6. Let o be b(d). Let m(q) = -q**3 - q**2 - q + 4. What is m(o)?
4
Let n(q) be the first derivative of -2*q**3/3 - q**2/2 - q - 1. Suppose -6*h + 55 = -h - 5*v, -5*h = -4*v - 52. Suppose 7*y + h = 3*y. Determine n(y).
-7
Let v(i) = -2*i**3 - i**2 + 4*i - 1. Let l(q) = -q**2 + q. Let x(z) = -4*l(z) + v(z). Let r be 1/(-2) - (-18)/(-12). Let p = 4 + r. Calculate x(p).
-5
Suppose -3 = 5*j + 2. Let x(n) = -1 + 6*n + 3*n - 3*n + 2*n. What is x(j)?
-9
Let g(b) = b**3 - 6*b**2 + b - 7. Suppose 2*l = 2 + 6. Suppose 0*r - 3 = 5*r - n, l